0862.
2, 6379, 6389
List the prime factors of 2283678141.
3, 337, 2258831
What are the prime factors of 1830399066?
2, 3, 1091, 31069
What are the prime factors of 539544244?
2, 5563, 24247
What are the prime factors of 964430444?
2, 241107611
What are the prime factors of 39201883?
7, 19, 294751
What are the prime factors of 519058527?
3, 13, 233, 239
What are the prime factors of 1483970876?
2, 370992719
List the prime factors of 435839736.
2, 3, 18159989
List the prime factors of 467958618.
2, 3, 59, 89, 4951
List the prime factors of 3166178505.
3, 5, 7, 23, 1311047
List the prime factors of 6500864024.
2, 59, 89, 154753
List the prime factors of 3487777247.
23, 3517, 43117
What are the prime factors of 2090383599?
3, 31, 22477243
List the prime factors of 36561866.
2, 11, 17, 29, 3371
List the prime factors of 168053436.
2, 3, 167, 27953
What are the prime factors of 2987486057?
103, 29004719
What are the prime factors of 1336276826?
2, 73, 9152581
List the prime factors of 1971506972.
2, 6521, 75583
List the prime factors of 1589450710.
2, 5, 43, 137, 26981
What are the prime factors of 22764549?
3, 23, 359, 919
List the prime factors of 835228323.
3, 92803147
What are the prime factors of 3778420945?
5, 13, 37, 47, 33427
List the prime factors of 207561811.
207561811
What are the prime factors of 54380297?
17, 3198841
What are the prime factors of 352102816?
2, 13, 846401
List the prime factors of 1558695016.
2, 29, 617, 10889
What are the prime factors of 1552962131?
7, 19, 109, 107123
List the prime factors of 4815715550.
2, 5, 96314311
List the prime factors of 239735380.
2, 5, 67, 178907
What are the prime factors of 63516764?
2, 97, 127, 1289
What are the prime factors of 66008903?
53, 1245451
What are the prime factors of 534374422?
2, 267187211
What are the prime factors of 520072416?
2, 3, 1321, 1367
List the prime factors of 103471770.
2, 3, 5, 1427, 2417
List the prime factors of 162830039.
89, 1829551
List the prime factors of 456205930.
2, 5, 37, 659, 1871
List the prime factors of 329756882.
2, 7, 13, 1811851
List the prime factors of 10552827.
3, 173, 20333
What are the prime factors of 18348232?
2, 7, 327647
What are the prime factors of 209415860?
2, 5, 17, 151, 4079
List the prime factors of 158279208.
2, 3, 457, 14431
What are the prime factors of 1704592267?
7, 73, 1217, 2741
What are the prime factors of 4417235212?
2, 13, 61, 929, 1499
What are the prime factors of 855241775?
5, 19, 23, 78283
List the prime factors of 30236066.
2, 7, 2159719
List the prime factors of 57479352.
2, 3, 7, 37, 1321
List the prime factors of 1194188015.
5, 238837603
List the prime factors of 4074194.
2, 97, 21001
What are the prime factors of 1922880482?
2, 229, 4198429
List the prime factors of 40189502.
2, 59, 421, 809
What are the prime factors of 657843762?
2, 3, 109640627
What are the prime factors of 46834682?
2, 23417341
List the prime factors of 166727406.
2, 3, 157, 379, 467
List the prime factors of 776877506.
2, 388438753
List the prime factors of 704247913.
19843, 35491
List the prime factors of 5804910358.
2, 13, 877, 19583
List the prime factors of 9682565.
5, 587, 3299
List the prime factors of 110019491.
110019491
What are the prime factors of 34915924?
2, 47, 185723
List the prime factors of 32311449.
3, 3590161
List the prime factors of 48261415.
5, 1093, 8831
List the prime factors of 907284254.
2, 17, 31, 131, 6571
What are the prime factors of 150938235?
3, 5, 7, 17747
What are the prime factors of 37457899?
491, 76289
What are the prime factors of 1230633939?
3, 31, 13232623
What are the prime factors of 163038276?
2, 3, 109, 41549
What are the prime factors of 70527017?
11, 107, 59921
List the prime factors of 20339568.
2, 3, 137, 1031
What are the prime factors of 489324612?
2, 3, 7, 5825293
What are the prime factors of 2307500784?
2, 3, 197831
What are the prime factors of 183130737?
3, 29, 2104951
What are the prime factors of 64468952?
2, 8058619
List the prime factors of 74354656.
2, 2323583
List the prime factors of 3423291542.
2, 11, 919, 169319
List the prime factors of 176389181.
176389181
What are the prime factors of 25929630?
2, 3, 5, 41, 7027
What are the prime factors of 62928888?
2, 3, 11, 349, 683
What are the prime factors of 192006980?
2, 5, 11, 739, 1181
What are the prime factors of 2344533311?
35527, 65993
What are the prime factors of 577281104?
2, 17, 19, 37, 3019
What are the prime factors of 147005846?
2, 13, 5654071
List the prime factors of 108117383.
11, 113, 86981
List the prime factors of 54042837.
3, 18014279
List the prime factors of 6216907.
421, 14767
List the prime factors of 4011321.
3, 211, 6337
What are the prime factors of 675473185?
5, 135094637
List the prime factors of 50484949.
50484949
List the prime factors of 125913869.
125913869
What are the prime factors of 55151304?
2, 3, 13, 47, 3761
List the prime factors of 371367120.
2, 3, 5, 733, 2111
What are the prime factors of 642240459?
3, 7, 269, 37897
What are the prime factors of 35679880?
2, 5, 891997
What are the prime factors of 2151470549?
61, 2441, 14449
What are the prime factors of 34977809?
3343, 10463
What are the prime factors of 1001414063?
13, 239, 24793
List the prime factors of 4529086126.
2, 19, 593, 200989
List the prime factors of 651773575.
5, 43, 606301
List the prime factors of 567138847.
11, 19, 167, 16249
What are the prime factors of 95661982?
2, 13, 83, 97, 457
List the prime factors of 17660088.
2, 3, 245279
What are the prime factors of 217103867?
217103867
What are the prime factors of 301825357?
301825357
List the prime factors of 248388172.
2, 62097043
List the prime factors of 210850514.
2, 7, 223, 67537
What are the prime factors of 66457773?
3, 2461399
List the prime factors of 3528591071.
3528591071
What are the prime factors of 200694279?
3, 31, 67, 1039
What are the prime factors of 188132772?
2, 3, 15677731
List the prime factors of 87523107.
3, 7, 4167767
What are the prime factors of 79975746?
2, 3, 4443097
What are the prime factors of 46826453?
6829, 6857
List the prime factors of 455583817.
13, 5399, 6491
What are the prime factors of 1060466175?
3, 5, 23, 22769
What are the prime factors of 312825828?
2, 3, 7, 3724117
What are the prime factors of 145394633?
379, 383627
List the prime factors of 156096107.
156096107
List the prime factors of 21943780.
2, 5, 1097189
What are the prime factors of 85009548?
2, 3, 13, 313, 1741
List the prime factors of 2267485595.
5, 61, 839, 8861
List the prime factors of 52703684.
2, 11, 149, 8039
What are the prime factors of 1167716199?
3, 13, 193, 155137
What are the prime factors of 131362481?
211, 622571
What are the prime factors of 145010816?
2, 17, 103, 647
What are the prime factors of 171375394?
2, 53, 1616749
List the prime factors of 868241454.
2, 3, 1847, 78347
List the prime factors of 3236883.
3, 13, 82997
List the prime factors of 1644581056.
2, 379, 67801
What are the prime factors of 70142663?
17, 23, 179393
What are the prime factors of 129549575?
5, 5181983
What are the prime factors of 22203009?
3, 29, 97, 877
List the prime factors of 592467692.
2, 9221, 16063
List the prime factors of 137140041.
3, 139, 173, 1901
List the prime factors of 126526027.
126526027
List the prime factors of 950888727.
3, 17, 89, 7759
What are the prime factors of 423760078?
2, 7, 19, 373, 4271
List the prime factors of 157034732.
2, 409, 95987
What are the prime factors of 99067222?
2, 863, 57397
What are the prime factors of 2726719781?
2797, 974873
What are the prime factors of 153028809?
3, 61, 278741
What are the prime factors of 593370766?
2, 296685383
List the prime factors of 3340935390.
2, 3, 5, 13, 809, 10589
List the prime factors of 49907977.
7, 7129711
What are the prime factors of 115811395?
5, 7, 17, 59, 3299
What are the prime factors of 158876327?
3539, 44893
List the prime factors of 45971707.
5303, 8669
What are the prime factors of 122625708?
2, 3, 31, 329639
List the prime factors of 78154668.
2, 3, 1097, 1979
List the prime factors of 3542034674.
2, 59, 30017243
List the prime factors of 16980669.
3, 37, 50993
List the prime factors of 141170436.
2, 3, 11, 71, 5021
List the prime factors of 112882222.
2, 31, 59, 30859
Wh